3*x = 3*x - p. List the prime factors of x.
947
Let d be ((-1)/(-1))/((-2)/(-118)). Let t be (-1)/((2 + -1)*2/(-14)) + -5. Suppose q + 4*b - d = 0, 0 = -3*q - 0*b + t*b + 233. List the prime factors of q.
3, 5
Let d be (12924/10 + -14 + 8)*10. Suppose 0 = -20*f + 4*f + d. What are the prime factors of f?
2, 3, 67
Let b(s) = 4394*s + 726. What are the prime factors of b(9)?
2, 3, 839
Let x be (-2 + -2)*(-6)/((-1)/(-1)). Suppose 0*y + x*y - 31584 = 0. List the prime factors of y.
2, 7, 47
Let w = 9 + -11. Let d(c) be the first derivative of -3*c**4 + c**2/2 + 4*c - 17. List the prime factors of d(w).
2, 7
Let m(d) = -26*d**3 + 2*d**2 - 2*d - 3. What are the prime factors of m(-2)?
7, 31
Let q = -6315 + 34012. What are the prime factors of q?
27697
Let r(y) = -y - 13. Suppose 3 + 3 = -2*u. Let b be r(u). What are the prime factors of (218*(-7)/70)/(2/b)?
109
What are the prime factors of (10654/4)/((-34)/(-476))?
7, 761
Let i be (12 - (3 - -4))/(2/668). Let k = i - 588. List the prime factors of k.
2, 541
List the prime factors of 1 + 1 - (-10)/((-100)/(-284455))*2.
56893
Suppose 188*y - 186*y - 4*p = 30, 0 = -y - p - 3. Let a be (0 - -22)/((-2)/(-63)). Suppose -2*i - w + 689 = 3*i, 5*i = y*w + a. List the prime factors of i.
2, 3, 23
Let h = 45 - 37. Let m be (-2)/4*(12 + -6). List the prime factors of 966/(-56)*h/m.
2, 23
Suppose 185947 = 64*q - 1103930 - 301803. List the prime factors of q.
2, 3, 5, 829
Let b(f) = -f + 17. Let m(c) = -c - 8. Let v be m(-10). Suppose -6*t = v*o - 2*t - 24, -5*t = o - 9. List the prime factors of b(o).
3
Let i(k) = k**3 - 8*k**2 + 10*k - 19. Let w be i(7). Suppose 0 = -2*n + 4 + 4. Suppose -w*t - 22 = -n*t. What are the prime factors of t?
11
Let r = -20309 - -58110. What are the prime factors of r?
103, 367
Let p(c) = -15*c**3 + 6*c**2 - 117*c - 16. List the prime factors of p(-12).
2, 7043
List the prime factors of -6 - (-1473 + 12/(-20)*5).
2, 3, 5, 7
Let o = 7148 + -5231. What are the prime factors of o?
3, 71
Let w(t) = t**2 - 9*t + 1. Let n(s) = 3*s**2 - 19*s + 1. Let d(r) = 2*n(r) - 5*w(r). Let v be d(-7). What are the prime factors of 161 - (-2 + v - 0)?
2, 83
Let r(i) = -3032*i + 49. What are the prime factors of r(-9)?
27337
Let b(c) be the second derivative of c**4/6 - c**3/6 - 57*c**2/2 - c. Let i be b(-7). Let o = 231 - i. What are the prime factors of o?
3, 61
Let h(j) = 161*j**2 - 40*j + 340. What are the prime factors of h(6)?
2, 11, 67
Suppose 3*t - 6*t - 4*f = -24, -2*f = -2*t + 2. Suppose 0 = d - 3*s - 270, -t*s = -2*d - 0*d + 540. List the prime factors of d.
2, 3, 5
Let q = -63 - -131. Suppose -3*u - 2*j + q = 3*j, -25 = 5*j. Let r = u - -19. List the prime factors of r.
2, 5
Let f(v) = 12*v + 104. Let d be f(-6). Let o = 222 + d. List the prime factors of o.
2, 127
Let a be ((-45)/20)/((-3)/4). Suppose -4*r + 18 = -a*y, 0 = y - 3*r + 6 - 0. List the prime factors of 2/4 + ((-177)/y - -2).
2
Suppose -46 + 218 = 2*o + 4*l, 9 = -3*l. Let r = -1681 - -1860. Let q = r - o. List the prime factors of q.
3, 29
Suppose -d - 3*w + 984 + 297 = 0, -5*d - 4*w + 6438 = 0. Suppose -4622 + d = -28*k. What are the prime factors of k?
7, 17
Let n = 15047 - 4743. List the prime factors of n.
2, 7, 23
Let p(s) = s**3 - 26*s**2 + 24*s + 8. Let y be (-147)/(-6) - (-4)/16*6. List the prime factors of p(y).
2, 79
Let h be 0*(4/6)/((-14)/21). Suppose 15*b - 17*b + 8 = h. Suppose -b*m + 124 = 108. What are the prime factors of m?
2
Let q = 4135 + -2716. List the prime factors of q.
3, 11, 43
Suppose -7*n - 20*n = -6*n - 179760. List the prime factors of n.
2, 5, 107
Let t(o) = 484*o**2 + 15*o - 32. List the prime factors of t(4).
2, 29, 67
Suppose 13*m = -541 + 3973. Suppose m = 2*b - 682. What are the prime factors of b?
11, 43
Suppose 29 = 3*b + 2*b - 3*y, -3*y = 3*b - 3. Suppose 2*f - 100 = 4*p, b*p - 1 + 47 = f. What are the prime factors of f?
2, 3
Suppose -7*f + 281 + 328 = 0. Let n(l) = -l**2 + 15*l + 10. Let r be n(18). Let d = r + f. List the prime factors of d.
43
Suppose 0 = -95*l + 1557089 - 642999. List the prime factors of l.
2, 17, 283
Suppose 3*m - 2*b = 10, 2*b - 6*b = 20. Suppose 4*q - 1 - 15 = m. Suppose -q*y + 309 - 61 = 0. List the prime factors of y.
2, 31
Let y = 4605 + -1683. List the prime factors of y.
2, 3, 487
Let s be (-3)/((18/6)/(-222)). Suppose 17*v + s = 18*v. What are the prime factors of v?
2, 3, 37
Suppose -4*i - 9 = 47. Let u(v) = v**3 + 13*v**2 - 16*v - 23. Let b be u(i). Suppose 4*a - 621 = -b*a. List the prime factors of a.
3, 23
Let a(u) = -3*u**3 + 7*u**2 - 9*u. Let l be a(4). Let y = l - -120. Suppose y*j = 9*j - 815. What are the prime factors of j?
163
Let c be (-201)/(-2) - (-66)/44. Let i = 212 - c. List the prime factors of i.
2, 5, 11
Let a = 28 - 15. Suppose -821 = -a*o + 1974. List the prime factors of o.
5, 43
Let j(y) = -79*y**3 - 26*y**2 - 93*y + 31. List the prime factors of j(-5).
9721
Let d(b) = 16*b**2 - 1. Let h be d(1). Let x(w) = -h + 2 + 48*w - 9 - 2. What are the prime factors of x(2)?
2, 3
What are the prime factors of (-4)/12 + ((-798374)/(-465))/((-1)/(-10))?
3, 59, 97
Let f(y) = -36*y + 7. Let u(z) = -9*z + 2. Suppose b - 2 = 3*o, 3*b + 4 = 5*b - 4*o. Let v(p) = b*f(p) - 9*u(p). What are the prime factors of v(9)?
7, 11
Suppose 0 = 3*w + 4 - 10. Let c be w*1*((-39)/(-6) - 4). Suppose 5*q = c*u + 870, 3*q - 255 = 5*u + 263. What are the prime factors of q?
2, 11
Suppose -2*x = 5*w - 142, 0*x + 122 = 2*x - 5*w. Let p(j) = 31*j**2 + 2*j + 3. Let r be p(-3). Suppose 3*v = r + x. What are the prime factors of v?
2, 3, 19
Suppose 5*v + 3*g = -1225, -4*v - 10*g - 980 = -7*g. Let y = 509 + v. What are the prime factors of y?
2, 3, 11
Let y be (-1 - 2 - 0)/((-1)/299). Let i = y + -457. List the prime factors of i.
2, 5, 11
Suppose -5*n + 29125 = 5*a, -2*n = 3*a - 14883 - 2587. What are the prime factors of a?
2, 3, 5, 97
Let f(u) = 5924*u**2 + 59*u + 184. What are the prime factors of f(-3)?
53323
Suppose 3*j - 166 + 22 = 0. Suppose j = -2*c + 156. Suppose -6*r + 336 = c. List the prime factors of r.
47
Let h be (-11)/(132/(-16))*-21. List the prime factors of h/(-10)*(37 - -8).
2, 3, 7
Suppose 5*n = 3 + 22, -5*x - 2*n + 65 = 0. Suppose -x*u = -13*u - 2*j + 884, -3 = -3*j. List the prime factors of u.
3, 7
Let h(y) = 4*y - 20. Let o(s) = -s**3 - 6*s**2 + 14*s + 5. Let c be o(-7). Let j = c - -57. What are the prime factors of h(j)?
2
Suppose -17680 = -5*k - 4*h, 2*k = 3*h + 3216 + 3879. List the prime factors of -2 - (5 + -9)*k/8.
2, 13, 17
Let v(z) = 76*z**2 - 17*z + 5*z + 1 + 7*z + 328*z**2. What are the prime factors of v(1)?
2, 5
Let f(l) = 14*l**2 + 64*l + 339. List the prime factors of f(-9).
3, 13, 23
Suppose -5*v + 98080 = 3*y, -3*v + 7*y = 2*y - 58882. What are the prime factors of v?
23, 853
Suppose 3*h = -0*h, 4*y - 132 = -2*h. Let b = y - -179. What are the prime factors of b?
2, 53
Suppose 0 = -3*j + 5*j - 3*z - 16, 2*z = 5*j - 29. Suppose -f - 814 = 3*u - 3394, 4302 = j*u + f. List the prime factors of u.
3, 7, 41
List the prime factors of ((-27339)/12)/(20/(-1200)*15).
13, 701
Let k(x) = 137*x**2 + 7*x + 6. Suppose 4*l + 3*z + 23 = 0, -3*l + 2*z = 7*z + 31. What are the prime factors of k(l)?
2, 3, 5
Suppose -z + 7196 + 34814 = 4*f, -5*z = -3*f + 31496. What are the prime factors of f?
2, 59, 89
Let y(u) = -122 - 23*u + 56*u + 64*u + u. List the prime factors of y(6).
2, 233
Suppose 168*t = -136*t + 21847872. List the prime factors of t.
2, 3, 53, 113
Let b(g) = -g**3 + 5*g**2 + g - 5. Let x(z) = -1. Let v(y) = y - 3. Let q(m) = -v(m) + 2*x(m). Let p be q(-3). What are the prime factors of b(p)?
3, 5
Suppose -4*d + 20 = -2*z, 4*d = 9*z - 4*z + 26. Let h be (d/5)/(2/5). Suppose -3*r + 2*p + 348 = 2*r, -r + h*p = -76. List the prime factors of r.
2, 17
Let j = 18605 + 17809. What are the prime factors of j?
2, 3, 7, 17
Let s(p) = 1 + 10*p + 0 + 2 - 19. Let k be s(3). What are the prime factors of k/(-28) - (-1 + (-758)/4)?
2, 5, 19
Suppose -244*r + 550 = -193 - 1697. Let m be 1/(-3) + 1144/3. Suppose -r*f = -7*f - m. What are the prime factors of f?
127
Let c = -221 + 72. Let d = c + 287. Suppose -4*o = -8*o - 4*a + 192, 3*o = -5*a + d. List the prime factors of o.
3, 17
Let h(t) = -51*t - 1153. List the prime factors of h(-76).
7, 389
Let z